{"id":119,"date":"2026-03-23T23:16:05","date_gmt":"2026-03-23T22:16:05","guid":{"rendered":"https:\/\/skupstina.hkdrustvo.hr\/51-2026\/?page_id=119"},"modified":"2026-03-29T17:59:29","modified_gmt":"2026-03-29T15:59:29","slug":"upute-autorima-posterskih-izlaganja","status":"publish","type":"page","link":"https:\/\/skupstina.hkdrustvo.hr\/51-2026\/upute\/upute-autorima\/upute-autorima-posterskih-izlaganja\/","title":{"rendered":"UPUTE AUTORIMA E-POSTERSKIH IZLAGANJA"},"content":{"rendered":"\n<ol class=\"wp-block-list\">\n<li>Postere je potrebno kreirati\u00a0<strong>u elektroni\u010dkom obliku u PDF formatu<\/strong>.<\/li>\n\n\n\n<li>Uz izradu e-postera u PDF formatu, tako\u0111er Vas molimo da pripremite kratko izlaganje koje ne smiju prelaziti vremensko ograni\u010denje trajanja od\u00a0<strong>3 minute.<\/strong><\/li>\n\n\n\n<li>Nakon izlaganja planirana su pitanja i odgovori u trajanju od 2 minute.<\/li>\n\n\n\n<li>Posterska sesija odr\u017eat \u0107e se u&#8230;&#8230;&#8230;&#8230;&#8230;&#8230;&#8230;&#8230;&#8230;&#8230;&#8230;&#8230;&#8230;.koja je opremljena s ra\u010dunalom i projektorom.<\/li>\n\n\n\n<li>Tekst e-postera treba biti na hrvatskom jeziku.<\/li>\n\n\n\n<li>E-poster mora imati jasno nazna\u010den naslov te ime i prezime svih autora.<\/li>\n\n\n\n<li>Preporu\u010damo da u pripremi e-postera koristite format pejza\u017ene (landscape) orijentacije te koristite fotografije visoke rezolucije.<\/li>\n\n\n\n<li>E-poster potrebno je poslati do\u00a0<strong>&#8230;&#8230;&#8230;<\/strong>\u00a0na e-mail konferencije:\u00a0<a href=\"mailto:skupstina@hkdrustvo.hr\">skupstina@hkdrustvo.hr<\/a>\u00a0.<\/li>\n\n\n\n<li>Prilikom slanja na adresu\u00a0<a href=\"mailto:skupstina@hkdrustvo.hr\">skupstina@hkdrustvo.hr<\/a>\u00a0molimo vas da dokument e-postera imenujete:\u00a0<strong>Naslov izlaganja_Prezime Ime Izlaga\u010da.pdf\u00a0<\/strong>.<\/li>\n\n\n\n<li>E-posteri \u0107e biti dostupni putem poveznice objavljene na e-Programu 51. skup\u0161tine i e-Programskoj knji\u017eici.<\/li>\n\n\n\n<li>Ako autori nisu suglasni sa objavom e-postera putem poveznice na e-Programu 51. skup\u0161tine i e-Programskoj knji\u017eici potrebno je na e-mail konferencije:\u00a0<a href=\"mailto:skupstina@hkdrustvo.hr\">skupstina@hkdrustvo.hr<\/a>\u00a0poslati o tome obavijest Programskom odboru.<\/li>\n<\/ol>\n","protected":false},"excerpt":{"rendered":"","protected":false},"author":1,"featured_media":0,"parent":94,"menu_order":0,"comment_status":"closed","ping_status":"closed","template":"","meta":{"footnotes":""},"class_list":["post-119","page","type-page","status-publish","hentry","latest_post"],"_links":{"self":[{"href":"https:\/\/skupstina.hkdrustvo.hr\/51-2026\/wp-json\/wp\/v2\/pages\/119","targetHints":{"allow":["GET"]}}],"collection":[{"href":"https:\/\/skupstina.hkdrustvo.hr\/51-2026\/wp-json\/wp\/v2\/pages"}],"about":[{"href":"https:\/\/skupstina.hkdrustvo.hr\/51-2026\/wp-json\/wp\/v2\/types\/page"}],"author":[{"embeddable":true,"href":"https:\/\/skupstina.hkdrustvo.hr\/51-2026\/wp-json\/wp\/v2\/users\/1"}],"replies":[{"embeddable":true,"href":"https:\/\/skupstina.hkdrustvo.hr\/51-2026\/wp-json\/wp\/v2\/comments?post=119"}],"version-history":[{"count":3,"href":"https:\/\/skupstina.hkdrustvo.hr\/51-2026\/wp-json\/wp\/v2\/pages\/119\/revisions"}],"predecessor-version":[{"id":466,"href":"https:\/\/skupstina.hkdrustvo.hr\/51-2026\/wp-json\/wp\/v2\/pages\/119\/revisions\/466"}],"up":[{"embeddable":true,"href":"https:\/\/skupstina.hkdrustvo.hr\/51-2026\/wp-json\/wp\/v2\/pages\/94"}],"wp:attachment":[{"href":"https:\/\/skupstina.hkdrustvo.hr\/51-2026\/wp-json\/wp\/v2\/media?parent=119"}],"curies":[{"name":"wp","href":"https:\/\/api.w.org\/{rel}","templated":true}]}}