{"id":117,"date":"2025-06-04T22:49:03","date_gmt":"2025-06-04T20:49:03","guid":{"rendered":"https:\/\/skupstina.hkdrustvo.hr\/50-2025\/?page_id=117"},"modified":"2025-11-07T20:39:08","modified_gmt":"2025-11-07T19:39:08","slug":"upute","status":"publish","type":"page","link":"https:\/\/skupstina.hkdrustvo.hr\/50-2025\/upute\/","title":{"rendered":"Upute"},"content":{"rendered":"\n<p class=\"has-luminous-vivid-amber-color has-text-color has-link-color has-large-font-size wp-elements-36af2f80acc70d14bb4d0ff781349877\"><strong>Kako do NSK?<\/strong><\/p>\n\n\n\n<p><strong>Automobilom:<\/strong> NSK se nalazi u drugoj zoni u kojoj je mogu\u0107 i denvni parking. <\/p>\n\n\n\n<p><strong>Vlakom:<\/strong> S Glavnog kolodvora do NSK se mo\u017ee do\u0107i pje\u0161ke (10-ak minuta) ili autobusom (jedna stanica).<\/p>\n\n\n\n<p><strong>Tramvajem:<\/strong>&nbsp;Najbli\u017ee linije su 3, 5 i 13. Stanice su Miramarska, odnosno Lisinski.<\/p>\n\n\n\n<p><strong>Autobusom:<\/strong> Brojne autobusne linije voze kroz Ulicu Hrvatske bratske zajednice, a naziv stanice je Nacionalna i sveu\u010dili\u0161na knji\u017enica.<\/p>\n\n\n\n<p><strong>U prostor CroAtriuma ulazi se s vanjske strane zgrade, odnosno s platoa koji je okrenut prema fontanama.<\/strong><\/p>\n\n\n\n<p><\/p>\n\n\n\n<p><\/p>\n\n\n\n<p class=\"has-luminous-vivid-amber-color has-text-color has-link-color has-large-font-size wp-elements-c038492d05c5d330d6544fc78694bad0\"><strong>Kako od NSK do <a href=\"https:\/\/www.zv.hr\/interliber\" target=\"_blank\" rel=\"noreferrer noopener\">Interlibera<\/a>?<\/strong><\/p>\n\n\n\n<p><strong>Automobilom:<\/strong> <a href=\"https:\/\/www.zv.hr\/interliber\" target=\"_blank\" rel=\"noreferrer noopener\">Inteliber <\/a>se odr\u017eava na Zagreba\u010dkom velesajmu koji je automobilom udaljen 5 do 10 minuta od NSK, ovisno o gu\u017evi u prometu. <\/p>\n\n\n\n<p><strong>Autobusom:<\/strong> Ukoliko u Google karte upi\u0161ete svoje odredi\u0161te, aplikacija \u0107e predlo\u017eiti autobusne linije ovisno o gu\u017evi u prometu i uzimaju\u0107i u obzir vozni red autobusa.<\/p>\n\n\n\n<p>Kako provesti ve\u010der nakon prvog skup\u0161tinskog dana?<\/p>\n\n\n\n\n\n<p class=\"has-text-align-left has-luminous-vivid-amber-color has-white-background-color has-text-color has-background has-link-color has-large-font-size wp-elements-bde295205bc53775acdecd0063b67d1a\">Kako provesti ve\u010der nakon prvog skup\u0161tinskog dana?<\/p>\n\n\n\n<p class=\"has-text-align-left has-black-color has-luminous-vivid-amber-background-color has-text-color has-background has-link-color has-medium-font-size wp-elements-eeb0eb6116ecf1d45a9a501f36fee03d\">STORYTELLING VE\u010cER ME\u0110U POLICAMA<\/p>\n\n\n\n<p class=\"has-text-align-left has-black-color has-luminous-vivid-amber-background-color has-text-color has-background has-link-color has-medium-font-size wp-elements-25ea2feb6a5dfd123c58152cd72ba7d1\">Pod nazivom Me\u0111u policama u Mjesecu hrvatske knjige odr\u017eat \u0107e se storytelling ve\u010deri u kojima \u0107e razli\u010diti pripovjeda\u010di: knji\u017eni\u010dari, korisnici ili drugi pojedinci, knji\u0161ki i\/ili knji\u017eni\u010darski zaljubljenici, ispri\u010dati zanimljive crtice iz knji\u017enice. Poseban naglasak stavljen je na neobi\u010dne i duhovite anegdote koje \u0107e publiku nasmijati, zaintrigirati i pribli\u017eiti joj svakodnevni \u017eivot knji\u017enice i knji\u017eni\u010dara kroz osobne pri\u010de i iskustva.<\/p>\n\n\n\n<p class=\"has-medium-font-size\">U ugodnoj atmosferi bara i galerije Botani\u010dar zanimljive crtice iz knji\u017enica i knji\u017eni\u010darskog svijeta ispri\u010dat \u0107e one koje ga najbolje poznaju \u2013 knji\u017eni\u010darke. To su: Ivanka Feren\u010di\u0107 Martin\u010di\u0107, ravnateljica Narodne knji\u017enice Virje, Isabella Mauro, voditeljica Hrvatskog centra za dje\u010dju knjigu, i Verena Tiblja\u0161, knji\u017eni\u010darka u Ogranku Trsat Gradske knji\u017enice Rijeka. Osim njih, o svom do\u017eivljaju knji\u017enica i knji\u017eni\u010dara pri\u010de \u0107e ispri\u010dati i oni izvan knji\u017eni\u010darskog svijeta, koji dolaze \u201es druge strane pulta\u201c \u2013 Boris Joki\u0107, psiholog, znanstvenik i ravnatelj Instituta za dru\u0161tvena istra\u017eivanja, te nagra\u0111ivani knji\u017eevnik Ivica Prtenja\u010da. Doga\u0111anje \u0107e moderirati Maja Lesinger, ravnateljica Knji\u017enice i \u010ditaonice Grada Preloga te ambasadorica ovogodi\u0161njeg Mjeseca hrvatske knjige.<\/p>\n\n\n\n<p>Nakon pri\u010da slijedi nastup akusti\u010dnog cover dua Singing String koji \u010dine An\u0111ela Zebec i knji\u017eni\u010dar Dejan Jeli\u010di\u0107<\/p>\n\n\n\n<p class=\"has-text-align-left has-black-color has-luminous-vivid-amber-background-color has-text-color has-background has-link-color has-medium-font-size wp-elements-7c1fa396142c0708574680c6ec4f4bb2\"><strong>Botani\u010dar , Zagreb, 11. studenog 2025. godine u 19 sati<\/strong> <\/p>\n\n\n\n<p class=\"has-text-align-left has-luminous-vivid-amber-color has-white-background-color has-text-color has-background has-link-color has-medium-font-size wp-elements-f3ab278f317a1fdd4aa53bfc271e011b\"><\/p>\n\n\n\n<p><\/p>\n","protected":false},"excerpt":{"rendered":"<p>Kako do NSK? Automobilom: NSK se nalazi u drugoj zoni u kojoj je mogu\u0107 i denvni parking. Vlakom: S Glavnog kolodvora do NSK se mo\u017ee do\u0107i pje\u0161ke (10-ak minuta) ili autobusom (jedna stanica). Tramvajem:&nbsp;Najbli\u017ee linije su 3, 5 i 13. Stanice su Miramarska, odnosno Lisinski. Autobusom: Brojne autobusne linije voze kroz Ulicu Hrvatske bratske zajednice, [&hellip;]<\/p>\n","protected":false},"author":1,"featured_media":0,"parent":0,"menu_order":0,"comment_status":"closed","ping_status":"closed","template":"","meta":{"footnotes":""},"class_list":["post-117","page","type-page","status-publish","hentry"],"_links":{"self":[{"href":"https:\/\/skupstina.hkdrustvo.hr\/50-2025\/wp-json\/wp\/v2\/pages\/117","targetHints":{"allow":["GET"]}}],"collection":[{"href":"https:\/\/skupstina.hkdrustvo.hr\/50-2025\/wp-json\/wp\/v2\/pages"}],"about":[{"href":"https:\/\/skupstina.hkdrustvo.hr\/50-2025\/wp-json\/wp\/v2\/types\/page"}],"author":[{"embeddable":true,"href":"https:\/\/skupstina.hkdrustvo.hr\/50-2025\/wp-json\/wp\/v2\/users\/1"}],"replies":[{"embeddable":true,"href":"https:\/\/skupstina.hkdrustvo.hr\/50-2025\/wp-json\/wp\/v2\/comments?post=117"}],"version-history":[{"count":16,"href":"https:\/\/skupstina.hkdrustvo.hr\/50-2025\/wp-json\/wp\/v2\/pages\/117\/revisions"}],"predecessor-version":[{"id":427,"href":"https:\/\/skupstina.hkdrustvo.hr\/50-2025\/wp-json\/wp\/v2\/pages\/117\/revisions\/427"}],"wp:attachment":[{"href":"https:\/\/skupstina.hkdrustvo.hr\/50-2025\/wp-json\/wp\/v2\/media?parent=117"}],"curies":[{"name":"wp","href":"https:\/\/api.w.org\/{rel}","templated":true}]}}