{"id":746,"date":"2024-10-26T00:36:41","date_gmt":"2024-10-25T22:36:41","guid":{"rendered":"https:\/\/skupstina.hkdrustvo.hr\/49-2024\/?page_id=746"},"modified":"2024-10-30T09:36:57","modified_gmt":"2024-10-30T08:36:57","slug":"upute-autorima-posterskih-izlaganja","status":"publish","type":"page","link":"https:\/\/skupstina.hkdrustvo.hr\/49-2024\/upute-autorima-posterskih-izlaganja\/","title":{"rendered":"Upute autorima posterskih izlaganja"},"content":{"rendered":"\n<ol class=\"wp-block-list\">\n<li>Postere je potrebno kreirati <strong>u elektroni\u010dkom obliku u PDF formatu<\/strong>.<\/li>\n\n\n\n<li>Uz izradu e-postera u PDF formatu, tako\u0111er Vas molimo da pripremite kratko izlaganje koje ne smiju prelaziti vremensko ograni\u010denje trajanja od <strong>3 minute.<\/strong><\/li>\n\n\n\n<li>Nakon izlaganja planirana su pitanja i odgovori u trajanju od 2 minute.<\/li>\n\n\n\n<li>Posterska sesija odr\u017eat \u0107e se u Kongresnoj dvorani i dvorani Camelia II Grand hotela Adriatic I koja je opremljena s ra\u010dunalom i projektorom.<\/li>\n\n\n\n<li>Tekst e-postera treba biti na hrvatskom ili engleskom jeziku.<\/li>\n\n\n\n<li>E-poster mora imati jasno nazna\u010den naslov te ime i prezime svih autora.<\/li>\n\n\n\n<li>Preporu\u010damo da u pripremi e-postera koristite format pejza\u017ene (landscape) orijentacije  te koristite fotografije visoke rezolucije.<\/li>\n\n\n\n<li>E-poster potrebno je poslati do <strong>7. studenoga 2024.<\/strong> na e-mail konferencije: <a href=\"mailto:skupstina@hkdrustvo.hr\">skupstina@hkdrustvo.hr<\/a> .<\/li>\n\n\n\n<li>Prilikom slanja na adresu <a href=\"mailto:skupstina@hkdrustvo.hr\">skupstina@hkdrustvo.hr<\/a> molimo vas da dokument e-postera imenujete: <strong>Naslov izlaganja_Prezime Ime Izlaga\u010da.pdf <\/strong>.<\/li>\n\n\n\n<li>E-posteri \u0107e biti dostupni putem poveznice objavljene na e-Programu 49. skup\u0161tine i e-Programskoj knji\u017eici.<\/li>\n\n\n\n<li>Ako autori nisu suglasni sa objavom e-postera putem poveznice na e-Programu 49. skup\u0161tine i e-Programskoj knji\u017eici potrebno je na e-mail konferencije: <a href=\"mailto:skupstina@hkdrustvo.hr\">skupstina@hkdrustvo.hr<\/a> poslati o tome obavijest Programskom odboru.<\/li>\n<\/ol>\n\n\n<p>Za najbolji poster bit \u0107e dodijeljena nagrada.<\/p>\n<\/p>\n\n\n<p><\/p>\n","protected":false},"excerpt":{"rendered":"<p>Za najbolji poster bit \u0107e dodijeljena nagrada.<\/p>\n","protected":false},"author":1,"featured_media":0,"parent":0,"menu_order":0,"comment_status":"closed","ping_status":"closed","template":"","meta":{"footnotes":""},"class_list":["post-746","page","type-page","status-publish","hentry"],"_links":{"self":[{"href":"https:\/\/skupstina.hkdrustvo.hr\/49-2024\/wp-json\/wp\/v2\/pages\/746","targetHints":{"allow":["GET"]}}],"collection":[{"href":"https:\/\/skupstina.hkdrustvo.hr\/49-2024\/wp-json\/wp\/v2\/pages"}],"about":[{"href":"https:\/\/skupstina.hkdrustvo.hr\/49-2024\/wp-json\/wp\/v2\/types\/page"}],"author":[{"embeddable":true,"href":"https:\/\/skupstina.hkdrustvo.hr\/49-2024\/wp-json\/wp\/v2\/users\/1"}],"replies":[{"embeddable":true,"href":"https:\/\/skupstina.hkdrustvo.hr\/49-2024\/wp-json\/wp\/v2\/comments?post=746"}],"version-history":[{"count":13,"href":"https:\/\/skupstina.hkdrustvo.hr\/49-2024\/wp-json\/wp\/v2\/pages\/746\/revisions"}],"predecessor-version":[{"id":823,"href":"https:\/\/skupstina.hkdrustvo.hr\/49-2024\/wp-json\/wp\/v2\/pages\/746\/revisions\/823"}],"wp:attachment":[{"href":"https:\/\/skupstina.hkdrustvo.hr\/49-2024\/wp-json\/wp\/v2\/media?parent=746"}],"curies":[{"name":"wp","href":"https:\/\/api.w.org\/{rel}","templated":true}]}}