{"id":323,"date":"2024-08-08T09:02:41","date_gmt":"2024-08-08T07:02:41","guid":{"rendered":"https:\/\/skupstina.hkdrustvo.hr\/49-2024\/?page_id=323"},"modified":"2024-10-26T00:46:23","modified_gmt":"2024-10-25T22:46:23","slug":"upute","status":"publish","type":"page","link":"https:\/\/skupstina.hkdrustvo.hr\/49-2024\/upute\/","title":{"rendered":"Upute"},"content":{"rendered":"\n<p><a href=\"https:\/\/skupstina.hkdrustvo.hr\/49-2024\/prijave\/\" data-type=\"page\" data-id=\"13\" target=\"_blank\" rel=\"noreferrer noopener\">Prijava sudjelovanja i izlaganja<\/a><\/p>\n\n\n\n<p><a href=\"https:\/\/skupstina.hkdrustvo.hr\/49-2024\/preporuceni-smjestaj-za-sudionike-49-skupstine\/\" data-type=\"page\" data-id=\"15\" target=\"_blank\" rel=\"noreferrer noopener\">Preporu\u010deni smje\u0161taj za sudionike 49. skup\u0161tine<\/a><\/p>\n\n\n\n<p><a href=\"https:\/\/skupstina.hkdrustvo.hr\/49-2024\/upute-pozvanim-autorima-izlaganja\/\">Upute pozvanim autorima izlaganja<\/a><\/p>\n\n\n\n<p><a href=\"https:\/\/skupstina.hkdrustvo.hr\/49-2024\/upute-autorima-prijavljenih-izlaganja\/\">Upute autorima prijavljenih izlaganja<\/a><\/p>\n\n\n\n<p><a href=\"https:\/\/skupstina.hkdrustvo.hr\/49-2024\/upute-autorima-posterskih-izlaganja\/\">Upute autorima posterskih izlaganja<\/a><\/p>\n\n\n\n<p><\/p>\n","protected":false},"excerpt":{"rendered":"<p>Prijava sudjelovanja i izlaganja Preporu\u010deni smje\u0161taj za sudionike 49. skup\u0161tine Upute pozvanim autorima izlaganja Upute autorima prijavljenih izlaganja Upute autorima posterskih izlaganja<\/p>\n","protected":false},"author":1,"featured_media":0,"parent":0,"menu_order":0,"comment_status":"closed","ping_status":"closed","template":"","meta":{"footnotes":""},"class_list":["post-323","page","type-page","status-publish","hentry"],"_links":{"self":[{"href":"https:\/\/skupstina.hkdrustvo.hr\/49-2024\/wp-json\/wp\/v2\/pages\/323","targetHints":{"allow":["GET"]}}],"collection":[{"href":"https:\/\/skupstina.hkdrustvo.hr\/49-2024\/wp-json\/wp\/v2\/pages"}],"about":[{"href":"https:\/\/skupstina.hkdrustvo.hr\/49-2024\/wp-json\/wp\/v2\/types\/page"}],"author":[{"embeddable":true,"href":"https:\/\/skupstina.hkdrustvo.hr\/49-2024\/wp-json\/wp\/v2\/users\/1"}],"replies":[{"embeddable":true,"href":"https:\/\/skupstina.hkdrustvo.hr\/49-2024\/wp-json\/wp\/v2\/comments?post=323"}],"version-history":[{"count":10,"href":"https:\/\/skupstina.hkdrustvo.hr\/49-2024\/wp-json\/wp\/v2\/pages\/323\/revisions"}],"predecessor-version":[{"id":755,"href":"https:\/\/skupstina.hkdrustvo.hr\/49-2024\/wp-json\/wp\/v2\/pages\/323\/revisions\/755"}],"wp:attachment":[{"href":"https:\/\/skupstina.hkdrustvo.hr\/49-2024\/wp-json\/wp\/v2\/media?parent=323"}],"curies":[{"name":"wp","href":"https:\/\/api.w.org\/{rel}","templated":true}]}}