{"id":317,"date":"2024-08-08T08:55:59","date_gmt":"2024-08-08T06:55:59","guid":{"rendered":"https:\/\/skupstina.hkdrustvo.hr\/49-2024\/?page_id=317"},"modified":"2025-10-08T18:29:36","modified_gmt":"2025-10-08T16:29:36","slug":"skupstinski-dokumenti","status":"publish","type":"page","link":"https:\/\/skupstina.hkdrustvo.hr\/49-2024\/skupstinski-dokumenti\/","title":{"rendered":"Skup\u0161tinski dokumenti"},"content":{"rendered":"\n<h5 class=\"wp-block-heading\">Dokumenti dostavljeni delegatima:<\/h5>\n\n\n<ol>\n<li>Dnevni red 49. Skup\u0161tine dokumnet <a href=\"https:\/\/skupstina.hkdrustvo.hr\/49-2024\/wp-content\/uploads\/sites\/2\/2024\/11\/Dopunjeni-Dnevni-red-49.-Skupstine-1.pdf\"><span style=\"color: #99ccff;\">dokument<\/span><\/a><\/li>\n<li>Izvje\u0161\u0107e o radu Glavnog odbora za razdoblje 1.9.2023. \u2013 01.11.2024. <a href=\"https:\/\/skupstina.hkdrustvo.hr\/49-2024\/wp-content\/uploads\/sites\/2\/2024\/11\/Izvjesce-o-radu-Glavnog-odbora-za-izvjestajno-razdoblje-od-1.-rujna-2023.-do-1.-studenoga-2024.-godine.docx.pdf\"><span style=\"color: #99ccff;\">dokument<\/span><\/a><\/li>\n<li>Izvje\u0161\u0107e o radu Stru\u010dnog odbora za razdoblje 1.9.2023. \u2013 30.9.2024. <a href=\"https:\/\/skupstina.hkdrustvo.hr\/49-2024\/wp-content\/uploads\/sites\/2\/2025\/10\/Izvjesce-o-radu-Strucnog-odbora-2024-2.pdf\"><span style=\"color: #99ccff;\">dokument<\/span><\/a><\/li>\n<li>Izvje\u0161\u0107e Odbora za nakladni\u010dku djelatnost za razdoblje 1.9.2023. \u2013 30.9.2024. <a href=\"https:\/\/skupstina.hkdrustvo.hr\/49-2024\/wp-content\/uploads\/sites\/2\/2024\/11\/Izvjesce-o-radu-Odbora-za-nakladnicku-djelatnost_2024.pdf\"><span style=\"color: #99ccff;\">dokument<\/span><\/a><\/li>\n<li>Financijsko izvje\u0161\u0107e za razdoblje 1.9.2023. \u2013 30.9.2024. &#8211; prihodi <a href=\"https:\/\/skupstina.hkdrustvo.hr\/49-2024\/wp-content\/uploads\/sites\/2\/2024\/11\/1-Euro-prihodi-2023-2024-01.09.2024.-30.09.2024.-HKD-1.docx.pdf\"><span style=\"color: #99ccff;\">dokument<\/span><\/a><\/li>\n<li>Financijsko izvje\u0161\u0107e za razdoblje 1.9.2023. \u2013 30.9.2024. &#8211; rashodi <a href=\"https:\/\/skupstina.hkdrustvo.hr\/49-2024\/wp-content\/uploads\/sites\/2\/2024\/11\/2-Euro-rashodi-2023-2024-01.09.2023.-30.09.2024.-HKD.docx.pdf\"><span style=\"color: #99ccff;\">dokument<\/span><\/a><\/li>\n<li>Financijsko izvje\u0161\u0107e za razdoblje 1.9.2023. \u2013 30.9.2024. &#8211; rekapitulacija <a href=\"https:\/\/skupstina.hkdrustvo.hr\/49-2024\/wp-content\/uploads\/sites\/2\/2024\/11\/Rekapitulacija.pdf\"><span style=\"color: #99ccff;\">dokument<\/span><\/a><\/li>\n<li>Financijsko izvje\u0161\u0107e (knjigovodstveno) &#8211; Modus biro d.o.o. <a href=\"https:\/\/skupstina.hkdrustvo.hr\/49-2024\/wp-content\/uploads\/sites\/2\/2024\/11\/Financijski-Izvjestaj-knjigovodstveni-servis-01.09.2023.-30.09.2024-scaled.jpg\"><span style=\"color: #99ccff;\">dokument<\/span><\/a><\/li>\n<li>Izvje\u0161\u0107e Nadzornoga odbora za razdoblje 1.9.2023. \u2013 30.9.2024. <a href=\"https:\/\/skupstina.hkdrustvo.hr\/49-2024\/wp-content\/uploads\/sites\/2\/2024\/11\/Izvjesce-Nadzornog-odbora-za-izvjestajno-razdoblje-2023.-2024.-4.pdf\"><span style=\"color: #99ccff;\">dokument<\/span><\/a><\/li>\n<li>Izvje\u0161\u0107e Eti\u010dkoga povjerenstva za razdoblje 1.9.2023. \u2013 30.9.2024. <a href=\"https:\/\/skupstina.hkdrustvo.hr\/49-2024\/wp-content\/uploads\/sites\/2\/2024\/11\/Izvjesce-Eticko-povjerenstvo-2024-2.pdf\"><span style=\"color: #99ccff;\">dokument<\/span><\/a><\/li>\n<li>Plan rada HKD-a za 2025. godinu <a href=\"https:\/\/skupstina.hkdrustvo.hr\/49-2024\/wp-content\/uploads\/sites\/2\/2024\/11\/Plan-rada-HKD-a-u-2025.pdf\"><span style=\"color: #99ccff;\">dokument<\/span><\/a><\/li>\n<li>Financijski plana HKD-a za 2025. godinu <a href=\"https:\/\/skupstina.hkdrustvo.hr\/49-2024\/wp-content\/uploads\/sites\/2\/2024\/11\/Financijski-plana-HKD-a-za-2025.pdf\"><span style=\"color: #99ccff;\">dokument<\/span><\/a><\/li>\n<li>Izvje\u0161\u0107e Povjerenstva za predlaganje predsjednika Hrvatskoga knji\u017eni\u010darskog dru\u0161tva za mandatno razdoblje 2024. \u2013 2026 <a href=\"https:\/\/skupstina.hkdrustvo.hr\/49-2024\/wp-content\/uploads\/sites\/2\/2024\/11\/Prijedlog-Povjerenstva-za-predlaganje-predsjednika-HKD-a-2024.pdf\"><span style=\"color: #99ccff;\">dokument<\/span><\/a><\/li>\n<li>Prijedlog Statuta Hrvatskog knji\u017eni\u010darskog dru\u0161tva <a href=\"https:\/\/skupstina.hkdrustvo.hr\/49-2024\/wp-content\/uploads\/sites\/2\/2024\/11\/Prijedlog-novog-Statut-HKD-2024.pdf\"><span style=\"color: #99ccff;\">dokument<\/span><\/a><\/li>\n<li>Prijedlog Odluke o visini \u010dlanarine <a href=\"https:\/\/skupstina.hkdrustvo.hr\/49-2024\/wp-content\/uploads\/sites\/2\/2024\/11\/Prijedlog-Odluke-o-visini-clanarine.pdf\"><span style=\"color: #99ccff;\">dokument<\/span><\/a><\/li>\n<li>Izvje\u0161\u0107e Povjerenstva za dodjelu Kukuljevi\u0107eve povelje <a href=\"https:\/\/skupstina.hkdrustvo.hr\/49-2024\/wp-content\/uploads\/sites\/2\/2024\/11\/Odluka_Ocjenjivacki-odbor_Kukuljeviceva-povelja_HKD.pdf\"><span style=\"color: #99ccff;\">dokument<\/span><\/a><\/li>\n<li>Izvje\u0161\u0107e Povjerenstva za dodjelu nagrade \u201eEva Verona\u201c <a href=\"https:\/\/skupstina.hkdrustvo.hr\/49-2024\/wp-content\/uploads\/sites\/2\/2024\/11\/Izvjesce-Povjerenstva-za-dodjelu-nagrade-Eva-Verona-1-2.pdf\"><span style=\"color: #99ccff;\">dokument<\/span><\/a><\/li>\n<li>Prijedlog promjene naziva Komisije za osobe s invaliditetom i osobe s posebnim potrebama<a href=\"https:\/\/skupstina.hkdrustvo.hr\/49-2024\/wp-content\/uploads\/sites\/2\/2024\/11\/Prijedlog-promjene-naziva-Komisije-za-osobe-s-invaliditetom-i-osobe-s-posebnim-potrebama.docx-2-4.pdf\"><span style=\"color: #99ccff;\"> dokument<\/span><\/a><\/li>\n<li>Prijedlog promjena naziva Komisije za klasifikaciju i predmetno ozna\u010divanje <a href=\"https:\/\/skupstina.hkdrustvo.hr\/49-2024\/wp-content\/uploads\/sites\/2\/2024\/11\/Prijedlog-promjena-naziva-Komisije-za-klasifikaciju-i-predmetno-oznacivanje.pdf\"><span style=\"color: #99ccff;\">dokument<\/span><\/a><\/li>\n<\/ol>\n\n\n<p><\/p>\n","protected":false},"excerpt":{"rendered":"<p>Dokumenti dostavljeni delegatima: Dnevni red 49. Skup\u0161tine dokumnet dokument Izvje\u0161\u0107e o radu Glavnog odbora za razdoblje 1.9.2023. \u2013 01.11.2024. dokument Izvje\u0161\u0107e o radu Stru\u010dnog odbora za razdoblje 1.9.2023. \u2013 30.9.2024. dokument Izvje\u0161\u0107e Odbora za nakladni\u010dku djelatnost za razdoblje 1.9.2023. \u2013 30.9.2024. dokument Financijsko izvje\u0161\u0107e za razdoblje 1.9.2023. \u2013 30.9.2024. &#8211; prihodi dokument Financijsko izvje\u0161\u0107e za [&hellip;]<\/p>\n","protected":false},"author":1,"featured_media":0,"parent":0,"menu_order":0,"comment_status":"closed","ping_status":"closed","template":"","meta":{"footnotes":""},"class_list":["post-317","page","type-page","status-publish","hentry"],"_links":{"self":[{"href":"https:\/\/skupstina.hkdrustvo.hr\/49-2024\/wp-json\/wp\/v2\/pages\/317","targetHints":{"allow":["GET"]}}],"collection":[{"href":"https:\/\/skupstina.hkdrustvo.hr\/49-2024\/wp-json\/wp\/v2\/pages"}],"about":[{"href":"https:\/\/skupstina.hkdrustvo.hr\/49-2024\/wp-json\/wp\/v2\/types\/page"}],"author":[{"embeddable":true,"href":"https:\/\/skupstina.hkdrustvo.hr\/49-2024\/wp-json\/wp\/v2\/users\/1"}],"replies":[{"embeddable":true,"href":"https:\/\/skupstina.hkdrustvo.hr\/49-2024\/wp-json\/wp\/v2\/comments?post=317"}],"version-history":[{"count":21,"href":"https:\/\/skupstina.hkdrustvo.hr\/49-2024\/wp-json\/wp\/v2\/pages\/317\/revisions"}],"predecessor-version":[{"id":1402,"href":"https:\/\/skupstina.hkdrustvo.hr\/49-2024\/wp-json\/wp\/v2\/pages\/317\/revisions\/1402"}],"wp:attachment":[{"href":"https:\/\/skupstina.hkdrustvo.hr\/49-2024\/wp-json\/wp\/v2\/media?parent=317"}],"curies":[{"name":"wp","href":"https:\/\/api.w.org\/{rel}","templated":true}]}}