{"id":120,"date":"2023-10-23T22:14:28","date_gmt":"2023-10-23T20:14:28","guid":{"rendered":"https:\/\/skupstina.hkdrustvo.hr\/?page_id=120"},"modified":"2023-10-23T22:14:28","modified_gmt":"2023-10-23T20:14:28","slug":"obavijesti","status":"publish","type":"page","link":"https:\/\/skupstina.hkdrustvo.hr\/48-2023\/obavijesti\/","title":{"rendered":""},"content":{"rendered":"\n<p class=\"has-medium-font-size\"><strong><a href=\"https:\/\/sway.office.com\/Y6yyMgkNMJZQg6me?ref=Link\" data-type=\"link\" data-id=\"https:\/\/sway.office.com\/Y6yyMgkNMJZQg6me?ref=Link\">Program<\/a><\/strong> <\/p>\n\n\n\n<p><\/p>\n\n\n\n\n\n<p>Tema:&nbsp;<strong>Pi\u0161em, \u010ditam, razumijem i primjenjujem : zakonodavna podloga za poslovanje dru\u0161tva<\/strong><\/p>\n\n\n\n<p>Podteme:<\/p>\n\n\n\n<ul class=\"wp-block-list\">\n<li>Okrugli stol Komisije za pravne i srodne knji\u017enice Pravna pismenost: kako i\u0161\u010ditati i razumjeti pravne dimenzije zakona u knji\u017eni\u010darstvu<\/li>\n\n\n\n<li>Panel rasprava Komisije za \u010ditanje KULTURA \u010cITANJA JU\u010cER, DANAS I SUTRA : panel rasprava o va\u017enosti strate\u0161kog i sustavnog bavljenja pitanjima kulture \u010ditanja<\/li>\n\n\n\n<li>Radionica Komisije za javno zagovaranje Javno zagovaranje \u2013 kako krenuti malim koracima?<\/li>\n<\/ul>\n\n\n\n<p>Ponu\u0111ene aktivnosti: panel rasprave, radionice, okrugli stol i posterska izlaganja.<\/p>\n\n\n\n<p>Za sudjelovanje je potrebno prijaviti se putem&nbsp;<a href=\"https:\/\/ls.hkdrustvo.hr\/index.php\/738957?lang=hr\">poveznice<\/a>.<br>Pozivamo zainteresirane \u010dlanove da po\u0161alju sa\u017eetke posterskih izlaganja u kojima \u0107e istaknuti najzna\u010dajnije i najzanimljivije doga\u0111aje iz protekle godine rada svojeg dru\u0161tva\/institucije\/vlastite aktivnosti.<\/p>\n\n\n\n<p>Sa\u017eetak postera mogu\u0107e je prijaviti putem&nbsp;<a href=\"https:\/\/ls.hkdrustvo.hr\/index.php\/738957?lang=hr\">poveznice<\/a>.<br>Rok za dostavu sa\u017eetaka posterskih izlaganja: 15. listopada 2023.<br>Sa\u017eetak postera \u2013 do 1800 znakova<br>Poster treba biti vertikalno orijentiran, dimenzija B1 (98\u00d768 cm) i sadr\u017eavati sljede\u0107e obvezne elemente:<br>\u2013 logo HKD-a<br>\u2013 imena i prezimena autor(ic)a<br>\u2013 naziv izlaganja na posteru<br>\u2013 naziv ustanove ili udruge<br>\u2013 najva\u017enije informacije o programu\/projektu\/istra\u017eivanju<\/p>\n\n\n\n<p>Nakon potvrde o prihva\u0107anju postera, potrebno ih je predati u elektroni\u010dkom i tiskanom obliku.<br>Poster u elektroni\u010dkom obliku potrebno je poslati na adresu hkd@hkdrustvo.hr do 10. 11. 2023. radi objave na mre\u017enim stranicama Skup\u0161tine i HKD-a, a u tiskanom obliku poster je potrebno dostaviti u ured HKD-a najkasnije 13. 11. 2023. godine.<\/p>\n\n\n\n<p>Kotizacija:<br>30 EUR \u010dlanovi<br>40 EUR ne\u010dlanovi<\/p>\n\n\n\n<p>Stru\u010dni skup \u0107e se odr\u017eati uz financijsku potporu Ministarstva kulture i medija Republike Hrvatske.<\/p>\n\n\n\n\n\n<h1 class=\"wp-block-heading\"><a href=\"https:\/\/skupstina.hkdrustvo.hr\/2023\/10\/02\/48-skupstina-hrvatskoga-knjiznicarskog-drustva-2-obavijest-objavljeno-26-09-2023\/?customize_changeset_uuid=57768f4f-535f-47b7-bf6e-f0b0eb9f46cb&amp;customize_messenger_channel=preview-1#respond\"><\/a><\/h1>\n\n\n\n<p><\/p>\n","protected":false},"excerpt":{"rendered":"<p>Program<\/p>\n","protected":false},"author":1,"featured_media":0,"parent":0,"menu_order":1,"comment_status":"closed","ping_status":"closed","template":"","meta":{"footnotes":""},"class_list":["post-120","page","type-page","status-publish","hentry"],"_links":{"self":[{"href":"https:\/\/skupstina.hkdrustvo.hr\/48-2023\/wp-json\/wp\/v2\/pages\/120","targetHints":{"allow":["GET"]}}],"collection":[{"href":"https:\/\/skupstina.hkdrustvo.hr\/48-2023\/wp-json\/wp\/v2\/pages"}],"about":[{"href":"https:\/\/skupstina.hkdrustvo.hr\/48-2023\/wp-json\/wp\/v2\/types\/page"}],"author":[{"embeddable":true,"href":"https:\/\/skupstina.hkdrustvo.hr\/48-2023\/wp-json\/wp\/v2\/users\/1"}],"replies":[{"embeddable":true,"href":"https:\/\/skupstina.hkdrustvo.hr\/48-2023\/wp-json\/wp\/v2\/comments?post=120"}],"version-history":[{"count":0,"href":"https:\/\/skupstina.hkdrustvo.hr\/48-2023\/wp-json\/wp\/v2\/pages\/120\/revisions"}],"wp:attachment":[{"href":"https:\/\/skupstina.hkdrustvo.hr\/48-2023\/wp-json\/wp\/v2\/media?parent=120"}],"curies":[{"name":"wp","href":"https:\/\/api.w.org\/{rel}","templated":true}]}}